{"id":647,"date":"2020-11-18T13:10:53","date_gmt":"2020-11-18T13:10:53","guid":{"rendered":"http:\/\/www.audimus.fr\/formation\/?page_id=647"},"modified":"2022-02-02T12:16:15","modified_gmt":"2022-02-02T12:16:15","slug":"prevention-des-risques-psychosociaux","status":"publish","type":"page","link":"https:\/\/www.audimus.fr\/formation\/prevention-des-risques-psychosociaux\/","title":{"rendered":"Pr\u00e9vention des Risques PsychoSociaux"},"content":{"rendered":"\n<p class=\"has-medium-font-size\"><strong>Axes d&rsquo;intervention <\/strong><\/p>\n\n\n\n<p><em>Interventions au titre de la pr\u00e9vention primaire, secondaire ou tertiaire<\/em><\/p>\n\n\n\n<ul class=\"wp-block-list\"><li>Sensibilisation et formation (RPS, management, gestion du stress)<\/li><li>Diagnostic<\/li><li>Organisation d&rsquo;une d\u00e9marche de pr\u00e9vention<\/li><li>Mise \u00e0 jour du Document Unique d\u2019Evaluation des Risques Professionnels (DUERP) avec prise en compte des RPS<\/li><li>Accompagnement des personnes pr\u00e9sentant des troubles<\/li><li>Conduite d&rsquo;enqu\u00eates<\/li><\/ul>\n\n\n\n<p><\/p>\n","protected":false},"excerpt":{"rendered":"<p>Axes d&rsquo;intervention Interventions au titre de la pr\u00e9vention primaire, secondaire ou tertiaire Sensibilisation et formation (RPS, management, gestion du stress) Diagnostic Organisation d&rsquo;une d\u00e9marche de pr\u00e9vention Mise \u00e0 jour du Document Unique d\u2019Evaluation des Risques Professionnels (DUERP) avec prise en compte des RPS Accompagnement des personnes pr\u00e9sentant des troubles Conduite&hellip; <\/p>\n","protected":false},"author":1,"featured_media":651,"parent":0,"menu_order":0,"comment_status":"closed","ping_status":"closed","template":"","meta":{"footnotes":""},"class_list":["post-647","page","type-page","status-publish","has-post-thumbnail","hentry"],"_links":{"self":[{"href":"https:\/\/www.audimus.fr\/formation\/wp-json\/wp\/v2\/pages\/647"}],"collection":[{"href":"https:\/\/www.audimus.fr\/formation\/wp-json\/wp\/v2\/pages"}],"about":[{"href":"https:\/\/www.audimus.fr\/formation\/wp-json\/wp\/v2\/types\/page"}],"author":[{"embeddable":true,"href":"https:\/\/www.audimus.fr\/formation\/wp-json\/wp\/v2\/users\/1"}],"replies":[{"embeddable":true,"href":"https:\/\/www.audimus.fr\/formation\/wp-json\/wp\/v2\/comments?post=647"}],"version-history":[{"count":3,"href":"https:\/\/www.audimus.fr\/formation\/wp-json\/wp\/v2\/pages\/647\/revisions"}],"predecessor-version":[{"id":804,"href":"https:\/\/www.audimus.fr\/formation\/wp-json\/wp\/v2\/pages\/647\/revisions\/804"}],"wp:featuredmedia":[{"embeddable":true,"href":"https:\/\/www.audimus.fr\/formation\/wp-json\/wp\/v2\/media\/651"}],"wp:attachment":[{"href":"https:\/\/www.audimus.fr\/formation\/wp-json\/wp\/v2\/media?parent=647"}],"curies":[{"name":"wp","href":"https:\/\/api.w.org\/{rel}","templated":true}]}}

Prévention des Risques PsychoSociaux

<p class="has-medium-font-size"><strong>Axes d&rsquo;intervention </strong></p>



<p><em>Interventions au titre de la prévention primaire, secondaire ou tertiaire</em></p>



<ul class="wp-block-list"><li>Sensibilisation et formation (RPS, management, gestion du stress)</li><li>Diagnostic</li><li>Organisation d&rsquo;une démarche de prévention</li><li>Mise à jour du Document Unique d’Evaluation des Risques Professionnels (DUERP) avec prise en compte des RPS</li><li>Accompagnement des personnes présentant des troubles</li><li>Conduite d&rsquo;enquêtes</li></ul>



<p></p>

<p>Axes d&rsquo;intervention Interventions au titre de la prévention primaire, secondaire ou tertiaire Sensibilisation et formation (RPS, management, gestion du stress) Diagnostic Organisation d&rsquo;une démarche de prévention Mise à jour du Document Unique d’Evaluation des Risques Professionnels (DUERP) avec prise en compte des RPS Accompagnement des personnes présentant des troubles Conduite&hellip; </p>
