{"id":423,"date":"2020-06-30T15:10:07","date_gmt":"2020-06-30T15:10:07","guid":{"rendered":"http:\/\/www.audimus.fr\/formation\/?page_id=423"},"modified":"2022-01-28T16:14:44","modified_gmt":"2022-01-28T16:14:44","slug":"audimus-conseil","status":"publish","type":"page","link":"https:\/\/www.audimus.fr\/formation\/audimus-conseil\/","title":{"rendered":"Expertises"},"content":{"rendered":"\n<p>Nous vous accompagnons dans les projets de transformation de votre organisation. <\/p>\n\n\n\n<ul class=\"wp-block-list\"><li>D\u00e9veloppement du management positif et \u00e9thique, du management   transversal, d\u00e9veloppement de l&rsquo;esprit d&rsquo;\u00e9quipe, team building <\/li><li>Promotion et management de la qualit\u00e9 de vie au travail, <\/li><li>Pr\u00e9vention des Risques Psycho-Sociaux (PRS) <\/li><li>R\u00e9organisation, r\u00e9vision des processus,  <\/li><li>Formation<\/li><\/ul>\n\n\n\n<p>Nos expertises dans ces domaines vous permettront de conduire sereinement et optimiser vos actions pour une meilleure efficacit\u00e9 organisationnelle.<\/p>\n\n\n\n<p>Vous pouvez nous solliciter pour vos plans de communication, la pr\u00e9paration et l&rsquo;animation de meeting ou de s\u00e9minaires et dans l&rsquo;\u00e9laboration de plans de formations adoss\u00e9s \u00e0 vos strat\u00e9gies de d\u00e9veloppement,  <\/p>\n","protected":false},"excerpt":{"rendered":"<p>Nous vous accompagnons dans les projets de transformation de votre organisation. D\u00e9veloppement du management positif et \u00e9thique, du management transversal, d\u00e9veloppement de l&rsquo;esprit d&rsquo;\u00e9quipe, team building Promotion et management de la qualit\u00e9 de vie au travail, Pr\u00e9vention des Risques Psycho-Sociaux (PRS) R\u00e9organisation, r\u00e9vision des processus, Formation Nos expertises dans ces&hellip; <\/p>\n","protected":false},"author":1,"featured_media":0,"parent":0,"menu_order":0,"comment_status":"closed","ping_status":"closed","template":"","meta":{"footnotes":""},"class_list":["post-423","page","type-page","status-publish","hentry"],"_links":{"self":[{"href":"https:\/\/www.audimus.fr\/formation\/wp-json\/wp\/v2\/pages\/423"}],"collection":[{"href":"https:\/\/www.audimus.fr\/formation\/wp-json\/wp\/v2\/pages"}],"about":[{"href":"https:\/\/www.audimus.fr\/formation\/wp-json\/wp\/v2\/types\/page"}],"author":[{"embeddable":true,"href":"https:\/\/www.audimus.fr\/formation\/wp-json\/wp\/v2\/users\/1"}],"replies":[{"embeddable":true,"href":"https:\/\/www.audimus.fr\/formation\/wp-json\/wp\/v2\/comments?post=423"}],"version-history":[{"count":9,"href":"https:\/\/www.audimus.fr\/formation\/wp-json\/wp\/v2\/pages\/423\/revisions"}],"predecessor-version":[{"id":759,"href":"https:\/\/www.audimus.fr\/formation\/wp-json\/wp\/v2\/pages\/423\/revisions\/759"}],"wp:attachment":[{"href":"https:\/\/www.audimus.fr\/formation\/wp-json\/wp\/v2\/media?parent=423"}],"curies":[{"name":"wp","href":"https:\/\/api.w.org\/{rel}","templated":true}]}}

<p>Nous vous accompagnons dans les projets de transformation de votre organisation. </p>



<ul class="wp-block-list"><li>Développement du management positif et éthique, du management   transversal, développement de l&rsquo;esprit d&rsquo;équipe, team building </li><li>Promotion et management de la qualité de vie au travail, </li><li>Prévention des Risques Psycho-Sociaux (PRS) </li><li>Réorganisation, révision des processus,  </li><li>Formation</li></ul>



<p>Nos expertises dans ces domaines vous permettront de conduire sereinement et optimiser vos actions pour une meilleure efficacité organisationnelle.</p>



<p>Vous pouvez nous solliciter pour vos plans de communication, la préparation et l&rsquo;animation de meeting ou de séminaires et dans l&rsquo;élaboration de plans de formations adossés à vos stratégies de développement,  </p>

<p>Nous vous accompagnons dans les projets de transformation de votre organisation. Développement du management positif et éthique, du management transversal, développement de l&rsquo;esprit d&rsquo;équipe, team building Promotion et management de la qualité de vie au travail, Prévention des Risques Psycho-Sociaux (PRS) Réorganisation, révision des processus, Formation Nos expertises dans ces&hellip; </p>
