{"id":277,"date":"2020-01-06T11:39:48","date_gmt":"2020-01-06T11:39:48","guid":{"rendered":"http:\/\/www.audimus.fr\/formation\/?page_id=277"},"modified":"2020-01-06T11:45:52","modified_gmt":"2020-01-06T11:45:52","slug":"management-ethique","status":"publish","type":"page","link":"https:\/\/www.audimus.fr\/formation\/management-ethique\/","title":{"rendered":"Management \u00e9thique"},"content":{"rendered":"\n<p>Un nouvel enjeu pour les organisations : concilier qualit\u00e9 de vie au travail et performance. Le management \u00e9thique devient une n\u00e9cessit\u00e9 pour la r\u00e9ussite collective. Avec cette nouvelle formation, apprenez \u00e0 manager autrement et devenez un atout pour votre organisation.<\/p>\n\n\n\n<p>Retrouvez le programme de cette formation dans notre catalogue \u00ab\u00a0Qualit\u00e9 de vie au travail\u00a0\u00bb que vous pouvez obtenir <a href=\"http:\/\/www.audimus.fr\/formation\/catalogues\/\">ici<\/a><\/p>\n","protected":false},"excerpt":{"rendered":"<p>Un nouvel enjeu pour les organisations : concilier qualit\u00e9 de vie au travail et performance. Le management \u00e9thique devient une n\u00e9cessit\u00e9 pour la r\u00e9ussite collective. Avec cette nouvelle formation, apprenez \u00e0 manager autrement et devenez un atout pour votre organisation. Retrouvez le programme de cette formation dans notre catalogue \u00ab\u00a0Qualit\u00e9&hellip; <\/p>\n","protected":false},"author":1,"featured_media":278,"parent":0,"menu_order":0,"comment_status":"closed","ping_status":"closed","template":"","meta":{"footnotes":""},"class_list":["post-277","page","type-page","status-publish","has-post-thumbnail","hentry"],"_links":{"self":[{"href":"https:\/\/www.audimus.fr\/formation\/wp-json\/wp\/v2\/pages\/277"}],"collection":[{"href":"https:\/\/www.audimus.fr\/formation\/wp-json\/wp\/v2\/pages"}],"about":[{"href":"https:\/\/www.audimus.fr\/formation\/wp-json\/wp\/v2\/types\/page"}],"author":[{"embeddable":true,"href":"https:\/\/www.audimus.fr\/formation\/wp-json\/wp\/v2\/users\/1"}],"replies":[{"embeddable":true,"href":"https:\/\/www.audimus.fr\/formation\/wp-json\/wp\/v2\/comments?post=277"}],"version-history":[{"count":3,"href":"https:\/\/www.audimus.fr\/formation\/wp-json\/wp\/v2\/pages\/277\/revisions"}],"predecessor-version":[{"id":283,"href":"https:\/\/www.audimus.fr\/formation\/wp-json\/wp\/v2\/pages\/277\/revisions\/283"}],"wp:featuredmedia":[{"embeddable":true,"href":"https:\/\/www.audimus.fr\/formation\/wp-json\/wp\/v2\/media\/278"}],"wp:attachment":[{"href":"https:\/\/www.audimus.fr\/formation\/wp-json\/wp\/v2\/media?parent=277"}],"curies":[{"name":"wp","href":"https:\/\/api.w.org\/{rel}","templated":true}]}}