{"id":262,"date":"2020-01-05T17:37:39","date_gmt":"2020-01-05T17:37:39","guid":{"rendered":"http:\/\/www.audimus.fr\/formation\/?page_id=262"},"modified":"2020-11-17T16:12:47","modified_gmt":"2020-11-17T16:12:47","slug":"preparation-mentale","status":"publish","type":"page","link":"https:\/\/www.audimus.fr\/formation\/preparation-mentale\/","title":{"rendered":"Pr\u00e9paration mentale"},"content":{"rendered":"\n<div class=\"wp-block-image\"><figure class=\"alignleft is-resized\"><img loading=\"lazy\" decoding=\"async\" src=\"http:\/\/www.audimus.fr\/formation\/wp-content\/uploads\/2020\/01\/6110509847_5f795d4e7f_b.jpg\" alt=\"\" class=\"wp-image-266\" width=\"226\" height=\"174\" srcset=\"https:\/\/www.audimus.fr\/formation\/wp-content\/uploads\/2020\/01\/6110509847_5f795d4e7f_b.jpg 1024w, https:\/\/www.audimus.fr\/formation\/wp-content\/uploads\/2020\/01\/6110509847_5f795d4e7f_b-300x231.jpg 300w, https:\/\/www.audimus.fr\/formation\/wp-content\/uploads\/2020\/01\/6110509847_5f795d4e7f_b-768x592.jpg 768w\" sizes=\"(max-width: 226px) 100vw, 226px\" \/><\/figure><\/div>\n\n\n\n<p><strong>Vous \u00eates dirigeant ou manager<\/strong> et vous avez besoin de faire face \u00e0 une situation anxiog\u00e8ne, vous avez une \u00e9ch\u00e9ance \u00e0 fort enjeu, vous devez g\u00e9rer votre stress, vous d\u00e9passer, mobiliser vos ressources, am\u00e9liorer la gestion de vos \u00e9motions, prendre du recul, accroitre votre concentration\u2026 <\/p>\n\n\n\n<p>Comme un sportif de haut niveau, le dirigeant est amen\u00e9 \u00e0 relever r\u00e9guli\u00e8rement de nouveaux d\u00e9fis et faire face \u00e0 des situations souvent anxiog\u00e8nes ; il lui faut alors se pr\u00e9parer et mobiliser ses ressources pour pouvoir aborder sereinement ces challenges.<\/p>\n\n\n\n<p>Cet accompagnement de pr\u00e9paration mentale centr\u00e9 sur des <a href=\"http:\/\/www.audimus.fr\/formation\/sophrologie\/\">techniques sophrologiques<\/a> adapt\u00e9es \u00e0 la performance manag\u00e9riale vous permettra de relever sereinement vos nouveaux d\u00e9fis . <\/p>\n\n\n\n<p>Chaque pr\u00e9paration mentale est pr\u00e9c\u00e9d\u00e9e d&rsquo;un entretien permettant d&rsquo;\u00e9tablir un programme d&rsquo;accompagnement sp\u00e9cifique. Un d\u00e9briefing apr\u00e8s l&rsquo;\u00e9venement cibl\u00e9 cl\u00f4ture chaque prestation.<\/p>\n\n\n\n<p>Vous pouvez prendre rendez-vous d\u00e8s maintenant <a href=\"http:\/\/www.audimus.fr\/formation\/contact\/\">ici<\/a>.<\/p>\n","protected":false},"excerpt":{"rendered":"<p>Vous \u00eates dirigeant ou manager et vous avez besoin de faire face \u00e0 une situation anxiog\u00e8ne, vous avez une \u00e9ch\u00e9ance \u00e0 fort enjeu, vous devez g\u00e9rer votre stress, vous d\u00e9passer, mobiliser vos ressources, am\u00e9liorer la gestion de vos \u00e9motions, prendre du recul, accroitre votre concentration\u2026 Comme un sportif de haut&hellip; <\/p>\n","protected":false},"author":1,"featured_media":0,"parent":0,"menu_order":0,"comment_status":"closed","ping_status":"closed","template":"","meta":{"footnotes":""},"class_list":["post-262","page","type-page","status-publish","hentry"],"_links":{"self":[{"href":"https:\/\/www.audimus.fr\/formation\/wp-json\/wp\/v2\/pages\/262"}],"collection":[{"href":"https:\/\/www.audimus.fr\/formation\/wp-json\/wp\/v2\/pages"}],"about":[{"href":"https:\/\/www.audimus.fr\/formation\/wp-json\/wp\/v2\/types\/page"}],"author":[{"embeddable":true,"href":"https:\/\/www.audimus.fr\/formation\/wp-json\/wp\/v2\/users\/1"}],"replies":[{"embeddable":true,"href":"https:\/\/www.audimus.fr\/formation\/wp-json\/wp\/v2\/comments?post=262"}],"version-history":[{"count":12,"href":"https:\/\/www.audimus.fr\/formation\/wp-json\/wp\/v2\/pages\/262\/revisions"}],"predecessor-version":[{"id":610,"href":"https:\/\/www.audimus.fr\/formation\/wp-json\/wp\/v2\/pages\/262\/revisions\/610"}],"wp:attachment":[{"href":"https:\/\/www.audimus.fr\/formation\/wp-json\/wp\/v2\/media?parent=262"}],"curies":[{"name":"wp","href":"https:\/\/api.w.org\/{rel}","templated":true}]}}