{"id":240,"date":"2020-01-05T00:29:21","date_gmt":"2020-01-05T00:29:21","guid":{"rendered":"http:\/\/www.audimus.fr\/formation\/?page_id=240"},"modified":"2020-11-17T15:45:36","modified_gmt":"2020-11-17T15:45:36","slug":"sophrologie","status":"publish","type":"page","link":"https:\/\/www.audimus.fr\/formation\/sophrologie\/","title":{"rendered":"Sophrologie en entreprise"},"content":{"rendered":"\n<p> La Sophrologie permet de se relaxer mais aussi de g\u00e9rer ses difficult\u00e9s et d\u00e9velopper ses capacit\u00e9s.<br> Elle peut \u00eatre utilis\u00e9e dans le cadre du bien-\u00eatre ou celui de  l&rsquo;accompagnement th\u00e9rapeutique (th\u00e9rapie br\u00e8ve compl\u00e9mentaire mais ne se  substituant pas \u00e0 un traitement m\u00e9dical).<br> Dans le monde professionnel, la sophrologie est un outil privil\u00e9gi\u00e9 pour  accompagner aussi bien l&rsquo;activit\u00e9 manag\u00e9riale que le travail des  salari\u00e9s ou des agents.<br> Elle prend \u00e9galement tout son sens dans le soutien des personnes  soumises \u00e0 des risques psychosociaux et pr\u00e9sentant des troubles du  comportement ou de la souffrance au travail.<br><br><strong>La sophrologie en entreprise permet de :<\/strong><\/p>\n\n\n\n<ul class=\"wp-block-list\"><li><em>renforcer la confiance en soi<\/em><\/li><li><em>accro\u00eetre ses performances&nbsp;<\/em><\/li><li><em>d\u00e9velopper son potentiel&nbsp; <\/em><\/li><li><em>se pr\u00e9parer \u00e0 un \u00e9v\u00e9nement professionnel important <\/em><\/li><li><em>accroitre sa motivation<\/em><\/li><li><em>d\u00e9velopper sa concentration <\/em><\/li><li><em>se relaxer&nbsp;<\/em><\/li><li><em>g\u00e9rer son stress <\/em><\/li><li><em>apporter un facteur de protection en pr\u00e9vention des risques \npsychosociaux&nbsp;ou une ressource pour la prise en charge de troubles \nav\u00e9r\u00e9s<\/em><\/li><\/ul>\n\n\n\n<p><strong>Prestations propos\u00e9es :&nbsp; <\/strong><br>Des s\u00e9ances de sophrologie peuvent \u00eatre int\u00e9gr\u00e9es \u00e0 certains programmes de formation concernant la gestion du stress, ou \u00eatre propos\u00e9es sous forme de :<\/p>\n\n\n\n<ul class=\"wp-block-list\"><li>s\u00e9ances individuelles d&rsquo;une heure&nbsp; <\/li><li>s\u00e9ances collectives de relaxation (minimum 5 personnes)<\/li><li>ateliers collectifs \u00e0 th\u00e8mes <\/li><\/ul>\n\n\n\n<p>N&rsquo;h\u00e9sitez pas \u00e0 prendre <a href=\"http:\/\/www.audimus.fr\/formation\/contact\/\">contact <\/a>pour \u00e9tudier en toute confidentialit\u00e9 un programme adapt\u00e9 \u00e0 votre besoin.<\/p>\n\n\n\n<p><em> Intervenant : <\/em><\/p>\n\n\n\n<p><em>Sophrologue praticien dipl\u00f4m\u00e9 de l&rsquo;Ecole Fran\u00e7aise Sup\u00e9rieure de Sophrologie, certifi\u00e9 RNCP et membre de la Chambre Syndicale de la Sophrologie <\/em><\/p>\n\n\n\n<div class=\"wp-block-image is-style-default\"><figure class=\"aligncenter size-large is-resized\"><img loading=\"lazy\" decoding=\"async\" src=\"http:\/\/www.audimus.fr\/formation\/wp-content\/uploads\/2020\/01\/logo-JPG-basse-def.jpg\" alt=\"\" class=\"wp-image-242\" width=\"196\" height=\"190\"\/><\/figure><\/div>\n","protected":false},"excerpt":{"rendered":"<p>La Sophrologie permet de se relaxer mais aussi de g\u00e9rer ses difficult\u00e9s et d\u00e9velopper ses capacit\u00e9s. Elle peut \u00eatre utilis\u00e9e dans le cadre du bien-\u00eatre ou celui de l&rsquo;accompagnement th\u00e9rapeutique (th\u00e9rapie br\u00e8ve compl\u00e9mentaire mais ne se substituant pas \u00e0 un traitement m\u00e9dical). Dans le monde professionnel, la sophrologie est un&hellip; <\/p>\n","protected":false},"author":1,"featured_media":0,"parent":0,"menu_order":0,"comment_status":"closed","ping_status":"closed","template":"","meta":{"footnotes":""},"class_list":["post-240","page","type-page","status-publish","hentry"],"_links":{"self":[{"href":"https:\/\/www.audimus.fr\/formation\/wp-json\/wp\/v2\/pages\/240"}],"collection":[{"href":"https:\/\/www.audimus.fr\/formation\/wp-json\/wp\/v2\/pages"}],"about":[{"href":"https:\/\/www.audimus.fr\/formation\/wp-json\/wp\/v2\/types\/page"}],"author":[{"embeddable":true,"href":"https:\/\/www.audimus.fr\/formation\/wp-json\/wp\/v2\/users\/1"}],"replies":[{"embeddable":true,"href":"https:\/\/www.audimus.fr\/formation\/wp-json\/wp\/v2\/comments?post=240"}],"version-history":[{"count":13,"href":"https:\/\/www.audimus.fr\/formation\/wp-json\/wp\/v2\/pages\/240\/revisions"}],"predecessor-version":[{"id":604,"href":"https:\/\/www.audimus.fr\/formation\/wp-json\/wp\/v2\/pages\/240\/revisions\/604"}],"wp:attachment":[{"href":"https:\/\/www.audimus.fr\/formation\/wp-json\/wp\/v2\/media?parent=240"}],"curies":[{"name":"wp","href":"https:\/\/api.w.org\/{rel}","templated":true}]}}

<p> La Sophrologie permet de se relaxer mais aussi de gérer ses difficultés et développer ses capacités.<br> Elle peut être utilisée dans le cadre du bien-être ou celui de  l&rsquo;accompagnement thérapeutique (thérapie brève complémentaire mais ne se  substituant pas à un traitement médical).<br> Dans le monde professionnel, la sophrologie est un outil privilégié pour  accompagner aussi bien l&rsquo;activité managériale que le travail des  salariés ou des agents.<br> Elle prend également tout son sens dans le soutien des personnes  soumises à des risques psychosociaux et présentant des troubles du  comportement ou de la souffrance au travail.<br><br><strong>La sophrologie en entreprise permet de :</strong></p>



<ul class="wp-block-list"><li><em>renforcer la confiance en soi</em></li><li><em>accroître ses performances&nbsp;</em></li><li><em>développer son potentiel&nbsp; </em></li><li><em>se préparer à un événement professionnel important </em></li><li><em>accroitre sa motivation</em></li><li><em>développer sa concentration </em></li><li><em>se relaxer&nbsp;</em></li><li><em>gérer son stress </em></li><li><em>apporter un facteur de protection en prévention des risques 
psychosociaux&nbsp;ou une ressource pour la prise en charge de troubles 
avérés</em></li></ul>



<p><strong>Prestations proposées :&nbsp; </strong><br>Des séances de sophrologie peuvent être intégrées à certains programmes de formation concernant la gestion du stress, ou être proposées sous forme de :</p>



<ul class="wp-block-list"><li>séances individuelles d&rsquo;une heure&nbsp; </li><li>séances collectives de relaxation (minimum 5 personnes)</li><li>ateliers collectifs à thèmes </li></ul>



<p>N&rsquo;hésitez pas à prendre <a href="http://www.audimus.fr/formation/contact/">contact </a>pour étudier en toute confidentialité un programme adapté à votre besoin.</p>



<p><em> Intervenant : </em></p>



<p><em>Sophrologue praticien diplômé de l&rsquo;Ecole Française Supérieure de Sophrologie, certifié RNCP et membre de la Chambre Syndicale de la Sophrologie </em></p>



<div class="wp-block-image is-style-default"><figure class="aligncenter size-large is-resized"><img loading="lazy" decoding="async" src="http://www.audimus.fr/formation/wp-content/uploads/2020/01/logo-JPG-basse-def.jpg" alt="" class="wp-image-242" width="196" height="190"/></figure></div>

<p>La Sophrologie permet de se relaxer mais aussi de gérer ses difficultés et développer ses capacités. Elle peut être utilisée dans le cadre du bien-être ou celui de l&rsquo;accompagnement thérapeutique (thérapie brève complémentaire mais ne se substituant pas à un traitement médical). Dans le monde professionnel, la sophrologie est un&hellip; </p>
